{"id":18354,"date":"2025-12-15T18:32:21","date_gmt":"2025-12-15T17:32:21","guid":{"rendered":"https:\/\/dreilaendercamp.de\/imprint\/"},"modified":"2026-01-20T10:11:35","modified_gmt":"2026-01-20T09:11:35","slug":"imprint","status":"publish","type":"page","link":"https:\/\/dreilaendercamp.de\/en\/imprint\/","title":{"rendered":"Imprint"},"content":{"rendered":"\t\t<div data-elementor-type=\"wp-page\" data-elementor-id=\"18354\" class=\"elementor elementor-18354 elementor-15797\">\n\t\t\t\t<div class=\"elementor-element elementor-element-40147a60 e-flex e-con-boxed e-con e-parent\" data-id=\"40147a60\" data-element_type=\"container\" data-e-type=\"container\">\n\t\t\t\t\t<div class=\"e-con-inner\">\n\t\t\t\t<div class=\"elementor-element elementor-element-6a3652ef elementor-widget elementor-widget-text-editor\" data-id=\"6a3652ef\" data-element_type=\"widget\" data-e-type=\"widget\" data-settings=\"{&quot;ekit_we_effect_on&quot;:&quot;none&quot;}\" data-widget_type=\"text-editor.default\">\n\t\t\t\t<div class=\"elementor-widget-container\">\n\t\t\t\t\t\t\t\t\t\n<h2><strong>Responsible for content:<\/strong><\/h2>\n<p><strong>Drei-L\u00e4nder-Camp GmbH &amp; Co. KG<\/strong><br>Gr\u00fcttweg 8<br>79539 L\u00f6rrach<br>Germany<br>Commercial Register: HRA 796172 Freiburg i.Br. District Court<\/p>\n<p>VAT ID: DE332165544<\/p>\n<p>General partner: Holiday-Holding GmbH<\/p>\n<p>Gr\u00fcttweg 8, 79539 L\u00f6rrach<\/p>\n<p>Managing Director: Sarah Jane Bahner<\/p>\n<p>Registry court: HRB 730511 Freiburg i.Br. District Court<\/p>\n<p>Responsible for content in accordance with \u00a7 6 MD StV: Drei-L\u00e4nder-Camp GmbH &amp; Co. KG<\/p>\n<p>Tel: +49 7621 82588<br>Fax: +49 7621 165034<br>Email: info@dreilaendercamp.de<\/p>\n<p>Liability notice: Despite careful content control, we assume no liability for the content of external links. The operators of the linked pages are solely responsible for their content. <\/p>\n<h3><strong>Platform for online dispute resolution of the European Commission:<\/strong> <\/h3>\n<p>http:\/\/ec.europa.eu\/consumers(odr\/<\/p>\n<h3><strong>Campsite L\u00f6rrach in the Southern Black Forest.<\/strong><\/h3>\n<p>In South Baden in the Markgr\u00e4flerland and on the edge of the Black Forest, between Freiburg im Breisgau and Basel.<\/p>\t\t\t\t\t\t\t\t<\/div>\n\t\t\t\t<\/div>\n\t\t\t\t\t<\/div>\n\t\t\t\t<\/div>\n\t\t\t\t<\/div>\n\t\t","protected":false},"excerpt":{"rendered":"<p>Responsible for content: Drei-L\u00e4nder-Camp GmbH &amp; Co. KGGr\u00fcttweg 879539 L\u00f6rrachGermanyCommercial Register: HRA [&hellip;]<\/p>\n","protected":false},"author":1,"featured_media":0,"parent":0,"menu_order":0,"comment_status":"closed","ping_status":"closed","template":"","meta":{"footnotes":""},"class_list":["post-18354","page","type-page","status-publish","hentry"],"_links":{"self":[{"href":"https:\/\/dreilaendercamp.de\/en\/wp-json\/wp\/v2\/pages\/18354","targetHints":{"allow":["GET"]}}],"collection":[{"href":"https:\/\/dreilaendercamp.de\/en\/wp-json\/wp\/v2\/pages"}],"about":[{"href":"https:\/\/dreilaendercamp.de\/en\/wp-json\/wp\/v2\/types\/page"}],"author":[{"embeddable":true,"href":"https:\/\/dreilaendercamp.de\/en\/wp-json\/wp\/v2\/users\/1"}],"replies":[{"embeddable":true,"href":"https:\/\/dreilaendercamp.de\/en\/wp-json\/wp\/v2\/comments?post=18354"}],"version-history":[{"count":6,"href":"https:\/\/dreilaendercamp.de\/en\/wp-json\/wp\/v2\/pages\/18354\/revisions"}],"predecessor-version":[{"id":18369,"href":"https:\/\/dreilaendercamp.de\/en\/wp-json\/wp\/v2\/pages\/18354\/revisions\/18369"}],"wp:attachment":[{"href":"https:\/\/dreilaendercamp.de\/en\/wp-json\/wp\/v2\/media?parent=18354"}],"curies":[{"name":"wp","href":"https:\/\/api.w.org\/{rel}","templated":true}]}}

<div data-elementor-type="wp-page" data-elementor-id="18354" class="elementor elementor-18354 elementor-15797">
				<div class="elementor-element elementor-element-40147a60 e-flex e-con-boxed e-con e-parent" data-id="40147a60" data-element_type="container" data-e-type="container">
					<div class="e-con-inner">
				<div class="elementor-element elementor-element-6a3652ef elementor-widget elementor-widget-text-editor" data-id="6a3652ef" data-element_type="widget" data-e-type="widget" data-settings="{&quot;ekit_we_effect_on&quot;:&quot;none&quot;}" data-widget_type="text-editor.default">
				<div class="elementor-widget-container">
									
<h2><strong>Responsible for content:</strong></h2>
<p><strong>Drei-Länder-Camp GmbH &amp; Co. KG</strong><br>Grüttweg 8<br>79539 Lörrach<br>Germany<br>Commercial Register: HRA 796172 Freiburg i.Br. District Court</p>
<p>VAT ID: DE332165544</p>
<p>General partner: Holiday-Holding GmbH</p>
<p>Grüttweg 8, 79539 Lörrach</p>
<p>Managing Director: Sarah Jane Bahner</p>
<p>Registry court: HRB 730511 Freiburg i.Br. District Court</p>
<p>Responsible for content in accordance with § 6 MD StV: Drei-Länder-Camp GmbH &amp; Co. KG</p>
<p>Tel: +49 7621 82588<br>Fax: +49 7621 165034<br>Email: info@dreilaendercamp.de</p>
<p>Liability notice: Despite careful content control, we assume no liability for the content of external links. The operators of the linked pages are solely responsible for their content. </p>
<h3><strong>Platform for online dispute resolution of the European Commission:</strong> </h3>
<p>http://ec.europa.eu/consumers(odr/</p>
<h3><strong>Campsite Lörrach in the Southern Black Forest.</strong></h3>
<p>In South Baden in the Markgräflerland and on the edge of the Black Forest, between Freiburg im Breisgau and Basel.</p>								</div>
				</div>
					</div>
				</div>
				</div>

<p>Responsible for content: Drei-Länder-Camp GmbH &amp; Co. KGGrüttweg 879539 LörrachGermanyCommercial Register: HRA [&hellip;]</p>
